*g + 55. Determine h(5).
-25
Let j(q) = 76*q**2 + 1519*q - 10. What is j(-20)?
10
Let x(a) = -2*a**3 + 26*a**2 - 27*a + 11. What is x(12)?
-25
Let h(q) = -71*q + 9623. What is h(135)?
38
Let u(j) = 2*j**3 + 20*j**2 + 28*j + 13. Calculate u(-8).
45
Let i(b) = 389*b**3 + 3*b**2 + 13*b + 11. What is i(-1)?
-388
Let i(p) = -123*p + 1639. Give i(7).
778
Let a(h) = 74*h + 2657. Calculate a(-36).
-7
Let v(t) = t**3 - 16*t**2 - 4*t + 90. Give v(15).
-195
Let u(x) = -13*x**2 + 35*x + 12. Determine u(-2).
-110
Let q(a) = a**2 + 15*a - 122. Calculate q(-12).
-158
Let w(m) = -2*m**3 - 9*m**2 + 52*m - 20. Determine w(-8).
12
Let j(b) = 2*b**2 - 381*b + 573. Give j(189).
6
Let x(k) = -k**3 + 26*k**2 - 15*k + 431. What is x(26)?
41
Let a(g) = -g**2 + 46*g - 497. Determine a(28).
7
Let k(n) = 193*n + 1376. Give k(-7).
25
Let b(h) = h**3 - 43*h**2 + 357*h - 156. Determine b(32).
4
Let d(x) = -7*x**2 - 36*x - 44. Calculate d(-4).
-12
Let j(x) = 3*x + 85. What is j(-31)?
-8
Let c(h) = h**3 + 47*h**2 - 148*h + 65. What is c(-50)?
-35
Let q(b) = 98*b - 730. Give q(8).
54
Let z(c) = -9*c + 112. Determine z(70).
-518
Let a(i) = i**3 - 28*i**2 - 9*i + 268. What is a(28)?
16
Let x(a) = 3*a**2 - 80*a + 183. Determine x(24).
-9
Let s(f) = -f**3 + 2*f**2 + 31*f + 157. What is s(-6)?
259
Let d(t) = -2*t**3 + 43*t**2 + 21*t + 19. Give d(22).
-3
Let z(w) = w**3 - 12*w**2 - 77*w + 827. Give z(13).
-5
Let i(c) = 3*c**3 - 2*c**2 - 21*c - 19. Give i(-2).
-9
Let p(b) = -13*b**2 + 95*b - 10. What is p(7)?
18
Let r(b) = -34*b - 27. Give r(0).
-27
Let s(j) = -2435*j + 2424. Calculate s(1).
-11
Let w(n) = 10*n**2 - 105*n - 106. Determine w(-1).
9
Let n(y) = -y**3 - 20*y**2 - 7*y + 21. Give n(-20).
161
Let z(d) = -2*d**2 + 98*d + 494. Give z(54).
-46
Let d(s) = -1088*s + 48954. Calculate d(45).
-6
Let a(m) = -m**3 + 11*m**2 - 17*m + 111. What is a(9)?
120
Let o(p) = -2*p**3 - 199*p**2 + 102*p + 212. Determine o(-100).
12
Let y(q) = q**3 - q**2 + 7*q + 26. Calculate y(0).
26
Let f(r) = 8*r**2 - 550*r - 140. Give f(69).
-2
Let w(s) = 144*s + 1129. Give w(-8).
-23
Let f(d) = -d**2 + 177*d + 1105. What is f(-6)?
7
Let w(c) = c**3 + 192*c**2 + 1814*c - 57. Calculate w(-10).
3
Let d(l) = -l**2 + 180*l + 737. What is d(-4)?
1
Let n(d) = 5*d**2 + 163*d + 164. What is n(-1)?
6
Let t(a) = -a**2 - 6*a + 21. Give t(-11).
-34
Let w(j) = -4*j + 31. Give w(-9).
67
Let o(k) = 3*k**2 + 77*k + 32. Determine o(-24).
-88
Let m(s) = -11*s - 22. Calculate m(-10).
88
Let v(m) = -m**3 - 24*m**2 + 140*m + 2295. What is v(-26)?
7
Let j(g) = -2*g**2 - 87*g - 582. Calculate j(-35).
13
Let u(j) = -j**2 + 13*j - 39. What is u(6)?
3
Let n(x) = -2*x**2 - 25*x - 6. Calculate n(-10).
44
Let k(v) = v**3 - 61*v**2 - 61*v - 50. Determine k(62).
12
Let v(n) = -3405*n - 81709. Give v(-24).
11
Let v(k) = -k**2 + 80*k + 455. Give v(-6).
-61
Let n(r) = -884*r - 4441. What is n(-5)?
-21
Let n(g) = -g**2 - 301*g - 13714. Give n(-56).
6
Let h(u) = -9*u - 187. Give h(24).
-403
Let q(y) = -4*y**3 + 3*y**2 + 16*y - 12. Give q(3).
-45
Let w(x) = -7*x**2 + 125*x - 315. Calculate w(15).
-15
Let n(l) = -11*l**2 + 47*l - 12. Give n(3).
30
Let g(s) = 43*s - 30. What is g(-4)?
-202
Let j(k) = 2*k**3 - 43*k**2 - 75*k + 2. Determine j(22).
-1164
Let v(t) = t**3 - 38*t**2 - 83*t + 131. Determine v(40).
11
Let f(o) = 9*o + 121. Give f(-14).
-5
Let g(z) = -5*z**2 - 111*z - 229. What is g(-20)?
-9
Let u(y) = 2355*y + 11781. What is u(-5)?
6
Let y(s) = -2*s**2 - 62*s - 480. Determine y(-13).
-12
Let i(z) = -4*z**2 - 10*z + 17. What is i(3)?
-49
Let p(q) = -q**3 - 25*q**2 + 81*q - 8. Determine p(3).
-17
Let j(x) = -2*x**3 - 8*x**2 - 166*x - 812. Give j(-5).
68
Let j(x) = -x**2 + 360*x - 723. What is j(2)?
-7
Let c(y) = -15*y**2 - 690*y - 46. Determine c(-46).
-46
Let i(z) = 3*z**3 + 305*z**2 - 100*z + 170. What is i(-102)?
-34
Let u(r) = -13*r**2 - 1099*r + 1625. Give u(-86).
-9
Let k(b) = -12*b + 305. Calculate k(25).
5
Let b(i) = -100*i - 1012. What is b(-10)?
-12
Let m(r) = -r**2 + 422*r + 24113. Determine m(-51).
-10
Let i(g) = 6*g - 11. Calculate i(-1).
-17
Let g(o) = 242*o + 967. Calculate g(-4).
-1
Let n(g) = 3*g**3 + 32*g**2 + 19*g + 327. Determine n(-11).
-3
Let a(y) = -11*y + 34. Give a(-14).
188
Let v(w) = -2*w**2 + 63*w + 245. Determine v(35).
0
Let y(s) = 12292*s + 86055. Give y(-7).
11
Let w(a) = -a**3 - 13*a**2 + 14*a - 26. Calculate w(-14).
-26
Let b(q) = 3*q**2 - 13*q - 155. Determine b(-11).
351
Let l(q) = 17*q - 639. Determine l(30).
-129
Let x(q) = 37*q**2 + 1367*q - 78. What is x(-37)?
-4
Let o(c) = c + 99. Calculate o(-16).
83
Let h(i) = 6*i**2 + 68*i + 168. What is h(-8)?
8
Let n(i) = i**3 - 12*i**2 - 202*i + 1311. Calculate n(19).
0
Let k(p) = 637*p + 138230. Give k(-217).
1
Let m(v) = -v**3 + 24*v**2 - 3*v - 72. Calculate m(24).
-144
Let u(m) = -164*m + 146. What is u(4)?
-510
Let t(x) = x**2 - 51*x - 1233. Give t(-18).
9
Let v(o) = 134*o**2 + 245*o + 7. What is v(-2)?
53
Let c(d) = -d**2 + 9*d + 74. Give c(-5).
4
Let n(r) = r**3 - 10*r**2 - 27*r + 72. Determine n(12).
36
Let r(j) = -2*j**3 + 416*j**2 - 1631*j - 213. Determine r(204).
-9
Let v(u) = 634*u + 13321. Give v(-21).
7
Let n(x) = x**3 - 73*x**2 + 72*x + 84. Calculate n(72).
84
Let z(d) = -6*d**3 + 7*d**2 - 4*d - 1. Give z(1).
-4
Let w(h) = -2*h**3 + 25*h**2 - 6*h + 13. Calculate w(12).
85
Let o(f) = -83*f + 1456. Calculate o(8).
792
Let j(v) = v**2 + 215*v + 8887. Determine j(-159).
-17
Let k(l) = 18*l**2 - 307*l - 20. Determine k(16).
-324
Let x(a) = 59*a**3 + 182*a**2 + 22*a + 18. Determine x(-3).
-3
Let t(c) = 37*c**2 + 151*c - 4. Give t(-3).
-124
Let s(l) = 59*l - 342. Determine s(0).
-342
Let v(b) = -8*b**3 - 80*b**2 - 164*b + 24. Determine v(-7).
-4
Let f(h) = 13*h - 450. Determine f(35).
5
Let m(d) = -41*d - 9067. Calculate m(-221).
-6
Let p(v) = -123*v**2 - 24*v - 1. What is p(-1)?
-100
Let c(t) = 419*t + 30997. Give c(-74).
-9
Let t(l) = l**2 - 24*l + 170. Give t(7).
51
Let u(n) = -2*n**2 - 13*n - 7. Calculate u(1).
-22
Let n(i) = -7*i**3 + 5*i**2 + 8*i + 8. Calculate n(-2).
68
Let f(c) = c**3 - 9*c**2 + 172*c - 921. What is f(6)?
3
Let j(s) = -s**3 + 4*s**2 - 31*s + 127. Give j(4).
3
Let z(c) = c**3 - 69*c**2 + 881*c + 141. Give z(52).
-15
Let v(o) = -4601*o - 32214. Calculate v(-7).
-7
Let y(n) = 1228*n + 4912. Calculate y(-4).
0
Let l(u) = -2*u**2 + 39*u - 6. Give l(-5).
-251
Let a(w) = 2039*w + 122339. What is a(-60)?
-1
Let s(b) = 12*b**2 + 550*b - 78. Give s(-46).
14
Let g(l) = 4555*l + 273303. Give g(-60).
3
Let f(a) = -a**2 - 5*a + 98. Calculate f(15).
-202
Let l(o) = -2*o**2 - 122*o + 811. Determine l(6).
7
Let u(z) = 2*z**3 - 161*z**2 - 605*z + 1445. Calculate u(84).
17
Let k(q) = -q**3 + 110*q**2 - 205*q - 1150. What is k(108)?
38
Let p(f) = f**2 - 31*f - 345. Give p(-9).
15
Let y(j) = j**3 - 14*j**2 + 35*j + 14. Determine y(12).
146
Let i(q) = 6*q**3 + 1050*q**2 - 3*q - 512. Give i(-175).
13
Let l(t) = -34*t + 87. Calculate l(7).
-151
Let u(l) = 62*l - 6. What is u(1)?
56
Let o(l) = l**3 - 127*l**2 + 374*l - 237. Determine o(124).
11
Let y(i) = -i**2 - 64*i + 1007. Calculate y(13).
6
Let l(z) = -z**3 - 18*z**2 + 39*z + 4. Give l(-20).
24
Let a(g) = -75*g + 93. Calculate a(2).
-57
Let t(p) = -445*p**2 - 2715*p - 266. Calculate t(-6).
4
Let l(j) = j**3 + 7*j**2 + 218*j + 1035. Give l(-5).
-5
Let n(j) = -j**2 - 40*j - 164. Determine n(-7).
67
Let h(y) = 76*y + 933. Determine h(-8).
325
Let i(o) = -o**3 - 5*o**2 + 6*o + 21. Determine i(-5).
-9
Let v(p) = -p**3 - 14*p**2 - 10*p + 178. Calculate v(-12).
10
Let t(u) = -3*u**3 + 53*u**2 + 23*u - 50. Determine t(18).
40
Let w(s) = -8188*s + 376639. Give w(46).
-9
Let j(f) = f**2 - 6237*f - 24968. Determine j(-4).
-4
Let i(q) = -345*q + 65. Determine i(0).
65
Let b(h) = 44*h + 806. Give b(-16).
102
Let q(v) = 17*v**2 - 12*v - 12. What is q(-1)?
17
Let y(k) = -k**2 - 323*k + 5441. Calculate y(16).
17
Let u(d) = 10*d**3 - 4*d**2 - 15*d + 36. Calculate u(2).
70
Let t(p) = -14*p**2 - 574*p - 2516. Determine t(-5).
4
Let j(i) = -i**3 - 25*i**2 + 59*i + 377. What is j(-26)?
-481
Let k(p) = -26*p**2 - 15*p - 7. Determine k(-3).
-196
Let q(c) = -c**3 - 14*c**2 - 33*c - 23. Calculate q(-10).
-93
Let q(r) = -5*r - 2. What is q(-19)?
93
Let r(v) = v**3 + 20*v**2 + v + 71. Give r(-20).
51
Let t(i) = -2*i**2 